 What is the tens digit of v?
9
Let v = 142 - 50. What is the tens digit of v?
9
Let t be 2 + 0 + 20 + 8. Suppose -t = -4*k - 2. What is the units digit of k?
7
Let a(i) be the second derivative of 11*i**6/360 - i**5/120 - i**3/3 + i. Let t(r) be the second derivative of a(r). What is the units digit of t(-1)?
2
Suppose -3*j = j + 92. Let v = -9 - j. What is the units digit of v?
4
Suppose -4*p = -2*c - 8, 0 = 4*c + 3*p - 0*p - 28. Suppose c*t - 8 = -3*s + 6, -4*s + 28 = 3*t. What is the tens digit of s?
1
Let w(b) = 3*b**2 + 2*b + 1. Suppose 9 + 0 = 3*z - 2*i, 0 = -3*z - 3*i + 9. What is the units digit of w(z)?
4
Let f(k) = -k**2 - 6*k + 1. What is the units digit of f(-4)?
9
Let c be (186/(-24))/((-1)/(-4)). Let o = 44 + c. What is the units digit of o?
3
Suppose s + 4*p = -s + 90, -33 = -s + p. Suppose 4*j - 4*m + 9 = s, 5*m - 45 = -3*j. What is the tens digit of j?
1
Let q(h) = -5*h**2 - 7*h - 1. Let p(s) = 11*s**2 + 15*s + 2. Let z(a) = -4*p(a) - 9*q(a). What is the tens digit of z(-5)?
1
Let l(z) = z - 2. Let s be (2 + (-1)/1)*3. Let p be l(s). Suppose a - p = 1. What is the units digit of a?
2
Let p = -1 + 11. What is the units digit of (44/3)/(p/15)?
2
Let q(z) = 2*z**2 - 5*z - 11. What is the units digit of q(7)?
2
Suppose -5*p - 179 = -q, -4*q - q - 4*p + 982 = 0. What is the units digit of q?
4
Suppose 0 = v + 4*v - 15. Let n be 4/16 - (-14)/8. Suppose 2*r = 2*j + r + v, 4*j = -n*r + 14. What is the units digit of j?
1
Suppose -5*w - 8 + 3 = 0. What is the units digit of w + 20 - (7 - 4)?
6
Let j = 5 + -1. Suppose 0*t = 2*i + 3*t + 23, i = j*t - 6. Let v = i + 16. What is the units digit of v?
6
Suppose x + 11 = 3*w + 2*x, 4*w - 3 = x. What is the tens digit of 26/w - 0 - 1?
1
Suppose 5*j = 9*j - 48. What is the units digit of j?
2
What is the units digit of 12*((-32)/(-3))/4?
2
Let v be (-1)/(((-12)/21)/4). Suppose 3*x + 31 - v = 0. Let n = 13 + x. What is the units digit of n?
5
Let p be (24/(-14))/((-4)/14). Suppose -16 - 29 = -3*m. Let j = m - p. What is the units digit of j?
9
Suppose 8*a - 3*a = 0. Suppose a*p - 140 = -4*p. What is the units digit of p?
5
Suppose 2*q + 10 = -8. Let i = q + 14. Suppose i*c - 5*s = 110, c + 3 = -2*s - 2*s. What is the tens digit of c?
1
What is the hundreds digit of -4 + (-2)/((-3)/(-699)*-2)?
2
Let u(s) = 2*s**2 - 11*s + 14. Let w be u(6). What is the units digit of w/70 - 598/(-14)?
3
Let p = 2 + 11. What is the units digit of p?
3
Suppose 3*h = -2*h + 60. What is the units digit of h?
2
Let y(o) = -o - 2. Let l be y(7). Let c = 5 + l. What is the units digit of (-17)/(-2) + 2/c?
8
Let f(m) = 7*m**2 - 3*m. Let y = -8 + 10. What is the units digit of f(y)?
2
Suppose -9 = y + 3*z, 2*y + 10 = -5*z - 5. Let s(d) = y*d**3 + 2 - 9*d**2 + 4*d + 2 + 5*d + d**3. What is the units digit of s(8)?
2
Suppose -4*d = 5*n + 64, -3*d + 80 = -8*d - 2*n. Let q = d - -24. What is the units digit of q?
8
Let p = 83 - 50. What is the units digit of p?
3
Suppose -5*a + 128 = -17. What is the tens digit of a?
2
Suppose 25 = 5*c + a, 4*c + 4*a + a + 1 = 0. Let y(f) = -f**2 + 8*f + 8. Let j be y(c). Suppose 4*l - 16 = j. What is the units digit of l?
9
Suppose -2*t = 2 + 16. Let a = -1 - t. What is the units digit of a?
8
Let b = -16 - -18. Suppose b*i - m = 51, -3*m + 30 = i - 6. What is the tens digit of i?
2
Let y = 5 - 1. Let r be 2/8 + 87/y. What is the tens digit of (-1)/(2/r*-1)?
1
Suppose -k + 0*k = -68. Suppose -6*r + k = -4*r. What is the units digit of r?
4
Let j(d) = 5*d**2 + d - 2. What is the units digit of j(2)?
0
What is the units digit of (-1)/((-513)/(-129) + (-12)/3)?
3
Suppose 12*m + m = 5317. What is the hundreds digit of m?
4
Suppose -2 + 6 = r. Let h = 9 - r. What is the units digit of h?
5
Suppose -4*i + 5*i - 14 = 0. What is the units digit of i?
4
Let p(l) = -2*l**3 - 3*l**2 + 2. Let x be p(-2). Let f(y) = y**3 - 6*y**2 + y - 5. What is the units digit of f(x)?
1
Let u = -1 - -3. What is the units digit of (-4)/u + 6 + -2?
2
Suppose -2*r + 47 - 9 = 0. What is the units digit of r?
9
Let h = 64 - 33. Suppose 0*v = -y + 2*v + h, v = -4*y + 133. What is the units digit of y?
3
Let b = 1 + -16. What is the units digit of (-81)/(-5) + 3/b?
6
What is the tens digit of (-6)/(-9) - (-256)/12?
2
Suppose h = -h + 10. Suppose -2*z + g = -36, g = -h*z + 2*g + 96. Let m = z + -11. What is the units digit of m?
9
Suppose 54 = -6*a + 3*a. Let b = -9 - a. What is the units digit of b?
9
Let i = 24 + -8. What is the units digit of 1*4*4/i?
1
Suppose 506 - 166 = 5*l. What is the units digit of l?
8
Let z(n) = -n**2 - 14*n - 19. What is the units digit of z(-6)?
9
What is the tens digit of 20 + (1 - (-4 - -2))?
2
Suppose -2*l + 6 = 0, -4*b + 2*l - 178 = -6*b. What is the units digit of b?
6
Let d(s) = 6*s**2 + 2*s - 1. Let u be d(1). Suppose -5*t = -u - 3, -5*t - 71 = -3*p. Suppose -4*w + 21 = -p. What is the units digit of w?
2
Let i(q) = 20*q**2 + 1. Suppose -g - 1 = -6*g - n, 5*g + 3*n = -7. What is the units digit of i(g)?
1
Let i(d) = -1. Let j(b) = 3*b + 3. Let l(k) = 2*i(k) - j(k). What is the tens digit of l(-8)?
1
Let j = 0 - -2. Let y(g) = g**3 - g**2 + g + 1. What is the units digit of y(j)?
7
Let r = -7 - -10. Suppose d + r*d = -5*c - 7, 4*d + 4 = -4*c. Suppose 0 = d*h + h - 27. What is the units digit of h?
9
Let i(c) = -c**3 + 5*c**2 - 6*c + 2. Let x be i(4). Suppose -8 = -5*b - 3. Let j = b - x. What is the units digit of j?
7
Let y be (10/3 + -3)*6. What is the units digit of ((-90)/4)/(-3)*y?
5
Let v(n) = -n + 0*n**2 - 3*n**2 - 4 + 4*n**2. What is the units digit of v(4)?
8
Let v be 24/14 + (-4)/(-14). Suppose 4*k - v = 4*s + 34, -12 = -3*s. What is the units digit of k?
3
Let s(h) = 1 + 0*h**3 - 3*h**2 - h + 0*h**3 + 0*h**2 - 2*h**3. What is the units digit of s(-2)?
7
Suppose 4*s + 4*c - 10 = 86, 5*c + 69 = 4*s. What is the tens digit of s?
2
Let q be 1/(-3 - (-44)/14). Let j(u) = u**2 - 7*u + 7. What is the units digit of j(q)?
7
What is the units digit of 7 + -5 + (189 - (2 - 2))?
1
Let q = 92 + -28. What is the tens digit of q?
6
Suppose -4*b + 22 = -x, b + 1 = 2*x + 10. Let z = 6 - b. What is the units digit of z?
1
Let u(j) = -2*j**3 - 6*j**2 - 2*j + 1. What is the tens digit of u(-4)?
4
Suppose 7*g - 3*g - 384 = 0. What is the tens digit of g?
9
Let b be (-94)/(-18) - (-10)/(-45). Suppose -16 = -b*n - 4*v - 1, -4*n + 12 = v. What is the units digit of n?
3
Let t = -1 - 2. Let k be 1 - -18 - 6/t. What is the units digit of 141/k + (-4)/(-14)?
7
Let r = -115 - -416. What is the hundreds digit of r?
3
Let p(b) = b**2 - b. Let u be p(1). Suppose u*o + 2*m + 2 = 2*o, 3*o - 11 = -5*m. Suppose 3*l - 51 = o*w - 7, 4*w + 34 = 3*l. What is the units digit of l?
8
Suppose 466 = 7*b - 500. What is the hundreds digit of b?
1
Suppose -z + 21 - 3 = 0. What is the units digit of z?
8
Let l(v) = v**3 + 8*v**2 - 9*v + 6. Let y = -13 - -4. Let t be l(y). Suppose -t - 24 = -2*j. What is the tens digit of j?
1
Suppose 0*h - 3*h + c = -31, 4*h + 5*c - 35 = 0. Let a(v) = v**2 - 8*v - 4. What is the units digit of a(h)?
6
Suppose 0 = 4*o - 3*f + 28, 0 = 4*o - 4*f - 1 + 29. Let y(q) = 6 + 1 + 0 + q**2 + 7*q. What is the units digit of y(o)?
7
Suppose 5*f - f = 0. Suppose t = -f*t + 4. Suppose t*a = g - 25, 5*a = 4*g + g - 80. What is the units digit of g?
3
Suppose -4*y = -2*y. Let f = 5 - y. What is the units digit of f?
5
Let t(a) = a**2 - 4*a - 10. What is the units digit of t(9)?
5
Suppose 4*f - 219 = -3. What is the units digit of f?
4
Suppose 26 = j - 7. What is the tens digit of j?
3
Suppose -3*y + 4*f + 13 = 0, -3*y - 4*f + 4 = -1. Suppose y*u - 6 = -0. Suppose -2*l + 2*j + 28 = 0, -u*l + 2*j = l - 39. What is the units digit of l?
1
What is the tens digit of (2/(-4))/(3/(-210))?
3
Suppose 11 + 10 = -5*o + g, 3*o - g + 13 = 0. Let b be 20/6 - o/6. Suppose v + 11 = b*l, -7 = -3*l + 8. What is the units digit of v?
9
Let z(a) = 10*a**2 - a + 1. Let n be z(1). Let g = -8 + n. What is the units digit of g?
2
Let g(m) = -15*m - 2. Let v(r) = -8*r - 1. Let a be -2 + 3 - 8/2. Let j(f) = a*g(f) + 5*v(f). What is the units digit of j(1)?
6
Suppose 3*h - 30 = -201. Let g = h - -95. What is the tens digit of g?
3
Let g(w) = -w**3 + 10*w**2 + w - 6. Let c be g(10). Suppose c*u + k - 70 = 3*k, -17 = -2*u - 5*k.